{"id":2712,"date":"2023-06-22T17:12:30","date_gmt":"2023-06-22T15:12:30","guid":{"rendered":"https:\/\/acsoins.fr\/?post_type=product&#038;p=2712"},"modified":"2023-06-22T17:13:22","modified_gmt":"2023-06-22T15:13:22","slug":"k-tape-black-5cmx-5m-copie","status":"publish","type":"product","link":"https:\/\/acsoins.fr\/?product=k-tape-black-5cmx-5m-copie","title":{"rendered":"K-TAPE BLACK 5CMX 5M (Copie)"},"content":{"rendered":"<p><em><strong>DESCRIPTION<\/strong><\/em><\/p>\n<ul class=\"a-unordered-list a-vertical a-spacing-mini\">\n<li class=\"a-spacing-mini\"><span class=\"a-list-item\">K-Tape est un produit de haute qualit\u00e9 et combine les meilleures mati\u00e8res premi\u00e8res avec la meilleure production possible. D\u00e9velopp\u00e9 pour un usage professionnel. En tant que dispositif m\u00e9dical de classe 1 test\u00e9 et enregistr\u00e9, K-Tape r\u00e9pond aux normes les plus \u00e9lev\u00e9es en th\u00e9rapie et en sport professionnel. Pour cela, biviax r\u00e9alise un management de la qualit\u00e9 selon ISO 9001, certifi\u00e9 par le T\u00dcV S\u00fcd.<\/span><\/li>\n<li class=\"a-spacing-mini\"><span class=\"a-list-item\">Doux pour la peau, r\u00e9sistant \u00e0 l&rsquo;eau, perm\u00e9able \u00e0 la transpiration et respirant. Sans m\u00e9dicament, sans ingr\u00e9dients actifs. Sans latex.<\/span><\/li>\n<li class=\"a-spacing-mini\"><span class=\"a-list-item\">Equip\u00e9 exclusivement de Physiobond, l&rsquo;adh\u00e9sif m\u00e9dical professionnel. Ne contient ni solvants ni r\u00e9sines. Structure en tissu uniforme de haute qualit\u00e9 avec une \u00e9lasticit\u00e9 constante. Couleurs de qualit\u00e9 allemande. K-Tape et Physiobond sont test\u00e9s SGS.<\/span><\/li>\n<li class=\"a-spacing-mini\"><span class=\"a-list-item\">Recommand\u00e9 et utilis\u00e9 par la K-Taping Academy internationale.<\/span><\/li>\n<\/ul>\n","protected":false},"excerpt":{"rendered":"<p>DESCRIPTION K-Tape est un produit de haute qualit\u00e9 et combine les meilleures mati\u00e8res premi\u00e8res avec la meilleure production possible. D\u00e9velopp\u00e9 pour un usage professionnel. En tant que dispositif m\u00e9dical de classe 1 test\u00e9 et enregistr\u00e9, K-Tape r\u00e9pond aux normes les plus \u00e9lev\u00e9es en th\u00e9rapie et en sport professionnel. Pour cela, biviax r\u00e9alise un management de &hellip;<\/p>\n<p class=\"read-more\"> <a class=\"\" href=\"https:\/\/acsoins.fr\/?product=k-tape-black-5cmx-5m-copie\"> <span class=\"screen-reader-text\">K-TAPE BLACK 5CMX 5M (Copie)<\/span> Lire la suite\u00a0\u00bb<\/a><\/p>\n","protected":false},"featured_media":2713,"template":"","meta":{"site-sidebar-layout":"default","site-content-layout":"default","ast-global-header-display":"","ast-banner-title-visibility":"","ast-main-header-display":"","ast-hfb-above-header-display":"","ast-hfb-below-header-display":"","ast-hfb-mobile-header-display":"","site-post-title":"","ast-breadcrumbs-content":"","ast-featured-img":"","footer-sml-layout":"","theme-transparent-header-meta":"default","adv-header-id-meta":"","stick-header-meta":"","header-above-stick-meta":"","header-main-stick-meta":"","header-below-stick-meta":""},"product_cat":[71,41],"product_tag":[],"_links":{"self":[{"href":"https:\/\/acsoins.fr\/index.php?rest_route=\/wp\/v2\/product\/2712"}],"collection":[{"href":"https:\/\/acsoins.fr\/index.php?rest_route=\/wp\/v2\/product"}],"about":[{"href":"https:\/\/acsoins.fr\/index.php?rest_route=\/wp\/v2\/types\/product"}],"version-history":[{"count":1,"href":"https:\/\/acsoins.fr\/index.php?rest_route=\/wp\/v2\/product\/2712\/revisions"}],"predecessor-version":[{"id":2714,"href":"https:\/\/acsoins.fr\/index.php?rest_route=\/wp\/v2\/product\/2712\/revisions\/2714"}],"wp:featuredmedia":[{"embeddable":true,"href":"https:\/\/acsoins.fr\/index.php?rest_route=\/wp\/v2\/media\/2713"}],"wp:attachment":[{"href":"https:\/\/acsoins.fr\/index.php?rest_route=%2Fwp%2Fv2%2Fmedia&parent=2712"}],"wp:term":[{"taxonomy":"product_cat","embeddable":true,"href":"https:\/\/acsoins.fr\/index.php?rest_route=%2Fwp%2Fv2%2Fproduct_cat&post=2712"},{"taxonomy":"product_tag","embeddable":true,"href":"https:\/\/acsoins.fr\/index.php?rest_route=%2Fwp%2Fv2%2Fproduct_tag&post=2712"}],"curies":[{"name":"wp","href":"https:\/\/api.w.org\/{rel}","templated":true}]}}