{"id":2463,"date":"2023-06-07T08:17:54","date_gmt":"2023-06-07T06:17:54","guid":{"rendered":"https:\/\/acsoins.fr\/?post_type=product&#038;p=2463"},"modified":"2023-06-08T09:03:42","modified_gmt":"2023-06-08T07:03:42","slug":"alese-abri-soft-60x90","status":"publish","type":"product","link":"https:\/\/acsoins.fr\/?product=alese-abri-soft-60x90","title":{"rendered":"ALESE ABRI SOFT 60X90"},"content":{"rendered":"<p><em><strong>DESCRIPTION DU PRODUIT :<\/strong><\/em><br \/>\n\u2022 Destin\u00e9e \u00e0 la protection des lits, matelas et\/ou chaises<br \/>\n\u2022 Peut \u00eatre utilis\u00e9e lors de proc\u00e9dures non st\u00e9riles telles que la pose de pansements ou les<br \/>\nprises de sang afin de maintenir une hygi\u00e8ne parfaite<br \/>\n\u2022 Le voile de surface en non tiss\u00e9 assure la diffusion rapide des liquides vers le matelas<br \/>\nabsorbant et permet une protection maximale contre les fuites<br \/>\n\u2022 Peut \u00eatre utilis\u00e9e en compl\u00e9ment de protections pour les personnes incontinentes<\/p>\n<p><em><strong>CONDITIONNEMENT<\/strong><\/em><\/p>\n<p>25 al\u00e8ses par paquet<\/p>\n<p><em><strong>ABSORPTION :<\/strong><\/em><\/p>\n<p>2100 ml<\/p>\n","protected":false},"excerpt":{"rendered":"<p><em><strong>FICHE TECHNIQUE : Cliquer sur le lien suivant<br \/>\n<\/strong><\/em><\/p>\n<p><a href=\"http:\/\/acsoins.fr\/wp-content\/uploads\/2023\/06\/4123-2.pdf\">4123 (2)<\/a><\/p>\n","protected":false},"featured_media":2466,"template":"","meta":{"site-sidebar-layout":"default","site-content-layout":"default","ast-global-header-display":"","ast-banner-title-visibility":"","ast-main-header-display":"","ast-hfb-above-header-display":"","ast-hfb-below-header-display":"","ast-hfb-mobile-header-display":"","site-post-title":"","ast-breadcrumbs-content":"","ast-featured-img":"","footer-sml-layout":"","theme-transparent-header-meta":"default","adv-header-id-meta":"","stick-header-meta":"","header-above-stick-meta":"","header-main-stick-meta":"","header-below-stick-meta":""},"product_cat":[60,46,38],"product_tag":[],"_links":{"self":[{"href":"https:\/\/acsoins.fr\/index.php?rest_route=\/wp\/v2\/product\/2463"}],"collection":[{"href":"https:\/\/acsoins.fr\/index.php?rest_route=\/wp\/v2\/product"}],"about":[{"href":"https:\/\/acsoins.fr\/index.php?rest_route=\/wp\/v2\/types\/product"}],"version-history":[{"count":3,"href":"https:\/\/acsoins.fr\/index.php?rest_route=\/wp\/v2\/product\/2463\/revisions"}],"predecessor-version":[{"id":2510,"href":"https:\/\/acsoins.fr\/index.php?rest_route=\/wp\/v2\/product\/2463\/revisions\/2510"}],"wp:featuredmedia":[{"embeddable":true,"href":"https:\/\/acsoins.fr\/index.php?rest_route=\/wp\/v2\/media\/2466"}],"wp:attachment":[{"href":"https:\/\/acsoins.fr\/index.php?rest_route=%2Fwp%2Fv2%2Fmedia&parent=2463"}],"wp:term":[{"taxonomy":"product_cat","embeddable":true,"href":"https:\/\/acsoins.fr\/index.php?rest_route=%2Fwp%2Fv2%2Fproduct_cat&post=2463"},{"taxonomy":"product_tag","embeddable":true,"href":"https:\/\/acsoins.fr\/index.php?rest_route=%2Fwp%2Fv2%2Fproduct_tag&post=2463"}],"curies":[{"name":"wp","href":"https:\/\/api.w.org\/{rel}","templated":true}]}}