{"id":2446,"date":"2023-06-07T07:47:22","date_gmt":"2023-06-07T05:47:22","guid":{"rendered":"https:\/\/acsoins.fr\/?post_type=product&#038;p=2446"},"modified":"2023-06-08T09:06:54","modified_gmt":"2023-06-08T07:06:54","slug":"abena-let-maxi","status":"publish","type":"product","link":"https:\/\/acsoins.fr\/?product=abena-let-maxi","title":{"rendered":"ABENA LET MAXI"},"content":{"rendered":"<p><em><strong>DESCRIPTION<\/strong> <\/em><\/p>\n<p>ABENA Let Maxi est une protection droite traversable destin\u00e9e \u00e0 un large usage. La protection est dot\u00e9e d\u2019un coussin<br \/>\nabsorbant permettant de capter une quantit\u00e9 mod\u00e9r\u00e9e de liquide. L\u2019enveloppe externe est enti\u00e8rement respirante et faite<br \/>\nd\u2019un non-tiss\u00e9 tr\u00e8s doux et silencieux. La protection peut \u00eatre st\u00e9rilis\u00e9e.<\/p>\n<p>Canaux absorbants<br \/>\nLe coussin est form\u00e9 de canaux absorbants qui aspire le liquide et le diffuse sur l\u2019ensemble<br \/>\nde la surface du change.<br \/>\nTraversable<br \/>\nLa protection est traversable et peut compl\u00e9ter un autre type de protection pour<br \/>\nincontinence.<br \/>\nINCONTINENCE LOURDE<br \/>\nAir Plus \u2013 Voile externe respirant<br \/>\nLe voile externe laisse la peau respirer, garantissant son int\u00e9grit\u00e9 et limitant les risques de<br \/>\ndermatites associ\u00e9es.<\/p>\n<p><em><strong>CONDITIONNEMENT<\/strong><\/em><\/p>\n<p>20 protections par sachet<\/p>\n<p><em><strong>ABSORPTION<\/strong><\/em><\/p>\n<p>1300 ML<\/p>\n","protected":false},"excerpt":{"rendered":"<p><em><strong>Pour consulter la fiche technique, cliquer sur le lien suivant :<\/strong><\/em><\/p>\n<p><a href=\"http:\/\/acsoins.fr\/wp-content\/uploads\/2023\/06\/4035-3.pdf\">4035 (3)<\/a><\/p>\n","protected":false},"featured_media":2431,"template":"","meta":{"site-sidebar-layout":"default","site-content-layout":"default","ast-global-header-display":"","ast-banner-title-visibility":"","ast-main-header-display":"","ast-hfb-above-header-display":"","ast-hfb-below-header-display":"","ast-hfb-mobile-header-display":"","site-post-title":"","ast-breadcrumbs-content":"","ast-featured-img":"","footer-sml-layout":"","theme-transparent-header-meta":"default","adv-header-id-meta":"","stick-header-meta":"","header-above-stick-meta":"","header-main-stick-meta":"","header-below-stick-meta":""},"product_cat":[59,46,38],"product_tag":[],"_links":{"self":[{"href":"https:\/\/acsoins.fr\/index.php?rest_route=\/wp\/v2\/product\/2446"}],"collection":[{"href":"https:\/\/acsoins.fr\/index.php?rest_route=\/wp\/v2\/product"}],"about":[{"href":"https:\/\/acsoins.fr\/index.php?rest_route=\/wp\/v2\/types\/product"}],"version-history":[{"count":6,"href":"https:\/\/acsoins.fr\/index.php?rest_route=\/wp\/v2\/product\/2446\/revisions"}],"predecessor-version":[{"id":2512,"href":"https:\/\/acsoins.fr\/index.php?rest_route=\/wp\/v2\/product\/2446\/revisions\/2512"}],"wp:featuredmedia":[{"embeddable":true,"href":"https:\/\/acsoins.fr\/index.php?rest_route=\/wp\/v2\/media\/2431"}],"wp:attachment":[{"href":"https:\/\/acsoins.fr\/index.php?rest_route=%2Fwp%2Fv2%2Fmedia&parent=2446"}],"wp:term":[{"taxonomy":"product_cat","embeddable":true,"href":"https:\/\/acsoins.fr\/index.php?rest_route=%2Fwp%2Fv2%2Fproduct_cat&post=2446"},{"taxonomy":"product_tag","embeddable":true,"href":"https:\/\/acsoins.fr\/index.php?rest_route=%2Fwp%2Fv2%2Fproduct_tag&post=2446"}],"curies":[{"name":"wp","href":"https:\/\/api.w.org\/{rel}","templated":true}]}}